{"id":983,"date":"2015-02-11T16:07:56","date_gmt":"2015-02-11T16:07:56","guid":{"rendered":"http:\/\/web.msicom.net\/wordpress\/?page_id=983"},"modified":"2018-02-06T12:49:08","modified_gmt":"2018-02-06T12:49:08","slug":"sistema-de-fondeo","status":"publish","type":"page","link":"https:\/\/web.msicom.net\/wordpress\/productos\/sistema-de-fondeo\/","title":{"rendered":"Sistemas de Fondeo"},"content":{"rendered":"<div class=\"two_third \"><h2>Sistemas de Fondeo<\/h2>\n<div style=\"display: none;\"><iframe loading=\"lazy\" src=\"http:\/\/www.youtube.com\/embed\/vhmz9SlY1SU\" width=\"560\" height=\"315\" frameborder=\"0\" allowfullscreen=\"allowfullscreen\"><\/iframe><\/div>\n<h3>Bielas Amortiguadoras<\/h3>\n<div><a href=\"https:\/\/web.msicom.net\/wordpress\/wp-content\/uploads\/2015\/02\/SeccionDualDockerPantal\u00e1n-e1423672082841.jpg\"><img loading=\"lazy\" decoding=\"async\" class=\" size-full wp-image-988 alignnone\" src=\"https:\/\/web.msicom.net\/wordpress\/wp-content\/uploads\/2015\/02\/SeccionDualDockerPantal\u00e1n-300x150.jpg\" alt=\"SeccionDualDockerPantal\u00e1n\" width=\"300\" height=\"150\" \/><\/a><\/div>\n<p>&nbsp;<\/p>\n<h3>Amortiguadores hidr\u00e1ulicos<\/h3>\n<p><a href=\"https:\/\/web.msicom.net\/wordpress\/wp-content\/uploads\/2015\/02\/Corsa-di-ritornobackstroke.jpg\"><img loading=\"lazy\" decoding=\"async\" class=\" size-medium wp-image-995 alignnone\" src=\"https:\/\/web.msicom.net\/wordpress\/wp-content\/uploads\/2015\/02\/Corsa-di-ritornobackstroke-300x155.jpg\" alt=\"Corsa di ritornobackstroke\" width=\"300\" height=\"155\" srcset=\"https:\/\/web.msicom.net\/wordpress\/wp-content\/uploads\/2015\/02\/Corsa-di-ritornobackstroke-300x155.jpg 300w, https:\/\/web.msicom.net\/wordpress\/wp-content\/uploads\/2015\/02\/Corsa-di-ritornobackstroke-1024x529.jpg 1024w, https:\/\/web.msicom.net\/wordpress\/wp-content\/uploads\/2015\/02\/Corsa-di-ritornobackstroke.jpg 1503w\" sizes=\"(max-width: 300px) 100vw, 300px\" \/><\/a><\/p>\n<p><img loading=\"lazy\" decoding=\"async\" class=\"size-medium wp-image-996 alignnone\" src=\"https:\/\/web.msicom.net\/wordpress\/wp-content\/uploads\/2015\/02\/Customized-300x169.jpg\" alt=\"Customized\" width=\"300\" height=\"169\" srcset=\"https:\/\/web.msicom.net\/wordpress\/wp-content\/uploads\/2015\/02\/Customized-300x169.jpg 300w, https:\/\/web.msicom.net\/wordpress\/wp-content\/uploads\/2015\/02\/Customized-1024x577.jpg 1024w\" sizes=\"(max-width: 300px) 100vw, 300px\" \/><\/p>\n<h3>Fondeos El\u00e1sticos<\/h3>\n<div>\u00a0<a href=\"https:\/\/web.msicom.net\/wordpress\/wp-content\/uploads\/2015\/02\/seaflex.jpg\"><img loading=\"lazy\" decoding=\"async\" class=\" size-medium wp-image-998 alignnone\" src=\"https:\/\/web.msicom.net\/wordpress\/wp-content\/uploads\/2015\/02\/seaflex-300x206.jpg\" alt=\"seaflex\" width=\"300\" height=\"206\" srcset=\"https:\/\/web.msicom.net\/wordpress\/wp-content\/uploads\/2015\/02\/seaflex-300x206.jpg 300w, https:\/\/web.msicom.net\/wordpress\/wp-content\/uploads\/2015\/02\/seaflex.jpg 631w\" sizes=\"(max-width: 300px) 100vw, 300px\" \/><\/a><\/div>\n<p>&nbsp;<\/p>\n<h3>Minimice los costes de mantenimiento y reduzca los riesgos de rotura<\/h3>\n<p>Nuestra gama de sistemas de fondeo el\u00e1sticos se basan en el concepto de reducir la\u00a0energ\u00eda cin\u00e9tica del elemento flotante a base de aplicar una fuerza de frenado durante un espacio mayor que los sistemas tradicionales como cadenas, pilotes o bielas tradicionales.<\/p>\n<p>Si la embarcaci\u00f3n, pantal\u00e1n o casa flotante est\u00e1 sujeta por un sistema el\u00e1stico en pre-tensi\u00f3n la velocidad a la que se mover\u00e1 por el efecto del oleaje, la corriente y el viento ser\u00e1 muy limitada y por ello la energ\u00eda cin\u00e9tica mucho mejor.<\/p>\n<p>Si a ello a\u00f1adimos que el elemento el\u00e1stico aplicar\u00e1 la fuerza de frenada durante un cierto recorrido la fuerza total resultante ser\u00e1 mucho menor que si se frena de golpe como pasa cuando la cadena llega a su elongaci\u00f3n m\u00e1xima o los rodillos una anilla-gu\u00eda topan con el pilote.<\/p>\n<p>Todo ello permite por una parte utilizar elementos de fijaci\u00f3n menos voluminosos y minimizar al m\u00e1ximo las roturas y costes de mantenimiento.<\/p>\n<div class=\"spacer\"><!-- --><\/div>\n<h2>Ejemplo de Aplicaciones y Detalle del Producto<\/h2>\n<ul class=\"recent-posts team\"><li class=\"entry\"><a href=\"https:\/\/web.msicom.net\/wordpress\/noticias\/el-dinamismo-del-puerto-de-tanger-med-2-en-marruecos-requiere-instalaciones-para-los-remolcadores-seguras-y-reubicables\/\" title=\"El dinamismo del Puerto de Tanger Med 2 en Marruecos requiere instalaciones para los remolcadores seguras y reubicables\"><div class=\"thumb-wrap\"><img loading=\"lazy\" decoding=\"async\" width=\"133\" height=\"129\" src=\"https:\/\/web.msicom.net\/wordpress\/wp-content\/uploads\/2019\/12\/TangerMED-Oct2018-133x129.jpeg\" class=\"thumb wp-post-image\" alt=\"\" \/><\/div><\/a><h3><a href=\"https:\/\/web.msicom.net\/wordpress\/noticias\/el-dinamismo-del-puerto-de-tanger-med-2-en-marruecos-requiere-instalaciones-para-los-remolcadores-seguras-y-reubicables\/\" title=\"El dinamismo del Puerto de Tanger Med 2 en Marruecos requiere instalaciones para los remolcadores seguras y reubicables\">El dinamismo del Puerto de Tanger Med 2 en Marruecos requiere instalaciones para los remolcadores seguras y reubicables<\/a><\/h3><div class=\"excerpt\">El dinamismo del Puerto de Tanger... <\/div><a href=\"https:\/\/web.msicom.net\/wordpress\/noticias\/el-dinamismo-del-puerto-de-tanger-med-2-en-marruecos-requiere-instalaciones-para-los-remolcadores-seguras-y-reubicables\/\" class=\"link\" title=\"El dinamismo del Puerto de Tanger Med 2 en Marruecos requiere instalaciones para los remolcadores seguras y reubicables\">More<\/a><div class=\"clear\"><\/div><\/li><!-- .entry (end) --><li class=\"entry\"><a href=\"https:\/\/web.msicom.net\/wordpress\/noticias\/inaugurado-en-show-room-dualdocker-en-la-sede-de-msi-en-barcelona\/\" title=\"Inaugurado en \u00abShow Room\u00bb DualDocker en la sede de MSI en Barcelona\"><div class=\"thumb-wrap\"><img loading=\"lazy\" decoding=\"async\" width=\"133\" height=\"129\" src=\"https:\/\/web.msicom.net\/wordpress\/wp-content\/uploads\/2015\/02\/MasterClass2015-133x129.jpg\" class=\"thumb wp-post-image\" alt=\"\" \/><\/div><\/a><h3><a href=\"https:\/\/web.msicom.net\/wordpress\/noticias\/inaugurado-en-show-room-dualdocker-en-la-sede-de-msi-en-barcelona\/\" title=\"Inaugurado en \u00abShow Room\u00bb DualDocker en la sede de MSI en Barcelona\">Inaugurado en \u00abShow Room\u00bb DualDocker en la sede de MSI en Barcelona<\/a><\/h3><div class=\"excerpt\">Tras el \u00e9xito de la celebraci\u00f3n... <\/div><a href=\"https:\/\/web.msicom.net\/wordpress\/noticias\/inaugurado-en-show-room-dualdocker-en-la-sede-de-msi-en-barcelona\/\" class=\"link\" title=\"Inaugurado en \u00abShow Room\u00bb DualDocker en la sede de MSI en Barcelona\">More<\/a><div class=\"clear\"><\/div><\/li><!-- .entry (end) --><\/ul><!-- .recent-posts (end) --><\/div>\n<div class=\"one_third last\"><h2>Presentaciones T\u00e9cnicas<\/h2>\n<div style=\"display: none;\"><ul class=\"recent-posts \"><li class=\"entry\"><h3><a href=\"https:\/\/web.msicom.net\/wordpress\/empresa\/estaremos-en-palma-el-29-de-abril\/\" title=\"Estaremos en Palma el 29 de Abril\">Estaremos en Palma el 29 de Abril<\/a><\/h3><div class=\"excerpt\">&#x1f6a4; Vis\u00edtenos en el Balearic Superyacht Forum \u2013 29 de abril Nuestro socio director, Francisco... <\/div><a href=\"https:\/\/web.msicom.net\/wordpress\/empresa\/estaremos-en-palma-el-29-de-abril\/\" class=\"link\" title=\"Estaremos en Palma el 29 de Abril\">More<\/a><div class=\"clear\"><\/div><\/li><!-- .entry (end) --><li class=\"entry\"><h3><a href=\"https:\/\/web.msicom.net\/wordpress\/empresa\/visitenos-en-el-salon-du-littoral-2024\/\" title=\"Vis\u00edtenos en el Salon du Littoral 2024\">Vis\u00edtenos en el Salon du Littoral 2024<\/a><\/h3><div class=\"excerpt\">Salon du Littoral 2024 El Salon International du Littoral es un evento anual enfocado en... <\/div><a href=\"https:\/\/web.msicom.net\/wordpress\/empresa\/visitenos-en-el-salon-du-littoral-2024\/\" class=\"link\" title=\"Vis\u00edtenos en el Salon du Littoral 2024\">More<\/a><div class=\"clear\"><\/div><\/li><!-- .entry (end) --><li class=\"entry\"><h3><a href=\"https:\/\/web.msicom.net\/wordpress\/empresa\/por-que-los-clientes-eligen-sf-marina-desde-hace-mas-de-100-anos\/\" title=\"\u00bfPor qu\u00e9 los clientes eligen SF Marina desde hace m\u00e1s de 100 a\u00f1os?\">\u00bfPor qu\u00e9 los clientes eligen SF Marina desde hace m\u00e1s de 100 a\u00f1os?<\/a><\/h3><div class=\"excerpt\">Nuestros pantalanes est\u00e1n dise\u00f1ados para seguir en su sitio tras la tormenta, v\u00e9alo en este... <\/div><a href=\"https:\/\/web.msicom.net\/wordpress\/empresa\/por-que-los-clientes-eligen-sf-marina-desde-hace-mas-de-100-anos\/\" class=\"link\" title=\"\u00bfPor qu\u00e9 los clientes eligen SF Marina desde hace m\u00e1s de 100 a\u00f1os?\">More<\/a><div class=\"clear\"><\/div><\/li><!-- .entry (end) --><\/ul><!-- .recent-posts (end) --><\/div>\n<p><a href=\"https:\/\/www.dualdocker.com\/uploads\/media\/FP_USP_02.17.pdf\">&#8211; Descargar la Presentaci\u00f3n de Bielas Amortiguadoras para pantalanes(PDF en ingl\u00e9s, 41 MB)<\/a><\/p><\/div><div class=\"clear\"><\/div>\n<div style=\"padding-bottom:20px; padding-top:10px;\" class=\"hupso-share-buttons\"><!-- Hupso Share Buttons - http:\/\/www.hupso.com\/share\/ --><a class=\"hupso_toolbar\" href=\"http:\/\/www.hupso.com\/share\/\"><img decoding=\"async\" src=\"https:\/\/static.hupso.com\/share\/buttons\/lang\/es\/share-medium.png\" border=\"0\" style=\"padding-top:5px; float:left;\" alt=\"Share\"\/><\/a><script type=\"text\/javascript\">var hupso_services_t=new Array(\"Twitter\",\"Facebook\",\"Google Plus\",\"Linkedin\");var hupso_toolbar_size_t=\"medium\";var hupso_twitter_via = \"MSI_Barcelona\";var hupso_counters_lang = \"en_US\";var hupso_twitter_via=\"MSI_Barcelona\";var hupso_title_t=\"Sistemas de Fondeo\";<\/script><script type=\"text\/javascript\" src=\"https:\/\/static.hupso.com\/share\/js\/share_toolbar.js\"><\/script><!-- Hupso Share Buttons --><\/div>","protected":false},"excerpt":{"rendered":"<div style=\"padding-bottom:20px; padding-top:10px;\" class=\"hupso-share-buttons\"><!-- Hupso Share Buttons - http:\/\/www.hupso.com\/share\/ --><a class=\"hupso_toolbar\" href=\"http:\/\/www.hupso.com\/share\/\"><img src=\"https:\/\/static.hupso.com\/share\/buttons\/lang\/es\/share-medium.png\" border=\"0\" style=\"padding-top:5px; float:left;\" alt=\"Share\"\/><\/a><script type=\"text\/javascript\">var hupso_services_t=new Array(\"Twitter\",\"Facebook\",\"Google Plus\",\"Linkedin\");var hupso_toolbar_size_t=\"medium\";var hupso_twitter_via = \"MSI_Barcelona\";var hupso_counters_lang = \"en_US\";var hupso_twitter_via=\"MSI_Barcelona\";var hupso_title_t=\"\u00bfPor qu\u00e9 los clientes eligen SF Marina desde hace m\u00e1s de 100 a\u00f1os?\";<\/script><script type=\"text\/javascript\" src=\"https:\/\/static.hupso.com\/share\/js\/share_toolbar.js\"><\/script><!-- Hupso Share Buttons --><\/div>","protected":false},"author":1,"featured_media":0,"parent":335,"menu_order":0,"comment_status":"closed","ping_status":"open","template":"page-fullwidth.php","meta":{"footnotes":""},"_links":{"self":[{"href":"https:\/\/web.msicom.net\/wordpress\/wp-json\/wp\/v2\/pages\/983"}],"collection":[{"href":"https:\/\/web.msicom.net\/wordpress\/wp-json\/wp\/v2\/pages"}],"about":[{"href":"https:\/\/web.msicom.net\/wordpress\/wp-json\/wp\/v2\/types\/page"}],"author":[{"embeddable":true,"href":"https:\/\/web.msicom.net\/wordpress\/wp-json\/wp\/v2\/users\/1"}],"replies":[{"embeddable":true,"href":"https:\/\/web.msicom.net\/wordpress\/wp-json\/wp\/v2\/comments?post=983"}],"version-history":[{"count":18,"href":"https:\/\/web.msicom.net\/wordpress\/wp-json\/wp\/v2\/pages\/983\/revisions"}],"predecessor-version":[{"id":1178,"href":"https:\/\/web.msicom.net\/wordpress\/wp-json\/wp\/v2\/pages\/983\/revisions\/1178"}],"up":[{"embeddable":true,"href":"https:\/\/web.msicom.net\/wordpress\/wp-json\/wp\/v2\/pages\/335"}],"wp:attachment":[{"href":"https:\/\/web.msicom.net\/wordpress\/wp-json\/wp\/v2\/media?parent=983"}],"curies":[{"name":"wp","href":"https:\/\/api.w.org\/{rel}","templated":true}]}}