{"id":337,"date":"2013-01-15T21:13:08","date_gmt":"2013-01-15T21:13:08","guid":{"rendered":"http:\/\/web.msicom.net\/wordpress\/?page_id=337"},"modified":"2013-02-05T16:24:53","modified_gmt":"2013-02-05T16:24:53","slug":"plataforma-offshore","status":"publish","type":"page","link":"https:\/\/web.msicom.net\/wordpress\/productos\/plataforma-offshore\/","title":{"rendered":"Plataforma Offshore"},"content":{"rendered":"<div class=\"two_third \"><h2>Plataforma Flotante Offshore<\/h2>\n<p><iframe loading=\"lazy\" width=\"520\" height=\"315\" src=\"http:\/\/www.youtube.com\/embed\/TnvFdWk22Zg\" frameborder=\"0\" allowfullscreen><\/iframe><\/p>\n<div style=\"display: none;\">\n<img loading=\"lazy\" decoding=\"async\" class=\"alignnone size-full wp-image-290\" title=\"img2\" alt=\"\" src=\"https:\/\/web.msicom.net\/wordpress\/wp-content\/uploads\/2011\/07\/img2.jpg\" width=\"410\" height=\"220\" \/>\n<\/div>\n<h3>Una isla artificial en el mar para solucionar los nuevos retos del Offshore<\/h3>\n<p>El proyecto consiste en la adaptaci\u00f3n de las estructuras flotantes offshore que hemos desarrollado durante 20 a\u00f1os en el campo de la acuicultura a su utilizaci\u00f3n en campos de generaci\u00f3n de energ\u00eda renovable en el mar. Se han identificado varias funciones para la plataforma y la idea ser\u00eda que el nuevo dise\u00f1o fuera capaz de adaptarse a todas ellas mediante peque\u00f1as modificaciones en el dimensionamiento y distribuci\u00f3n de cargas. Funciones posibles. &#8211; Subestaci\u00f3n transformadora offshore, para alojar los transformadores que cambian el voltaje de los generadores al adecuado a su evacuaci\u00f3n a la subestaci\u00f3n de tierra. &#8211; Torre de medici\u00f3n de recurso e\u00f3lico marino. &#8211; Plataforma de soporte log\u00edstico para alojamiento de gr\u00faas, almacenes, talleres, caseta de recarga de bombonas de buzo, herramientas de corte y soldadura, etc.. &#8211; Plataforma de alojamiento de generadores de energ\u00eda ( urdimotriz o e\u00f3lica ).<\/p>\n<div class=\"spacer\"><!-- --><\/div>\n<div style=\"display: none;\">\n<h2>Ejemplo de Aplicaciones y Detalle del Producto<\/h2>\n<ul class=\"recent-posts team\"><li class=\"entry\"><a href=\"https:\/\/web.msicom.net\/wordpress\/aplicaciones-cubis\/amarre-motos-acuatica\/\" title=\"Amarre para Motos Acu\u00e1ticas\"><div class=\"thumb-wrap\"><img loading=\"lazy\" decoding=\"async\" width=\"133\" height=\"129\" src=\"https:\/\/web.msicom.net\/wordpress\/wp-content\/uploads\/2011\/07\/jetcubi_1-133x129.jpg\" class=\"thumb wp-post-image\" alt=\"\" \/><\/div><\/a><h3><a href=\"https:\/\/web.msicom.net\/wordpress\/aplicaciones-cubis\/amarre-motos-acuatica\/\" title=\"Amarre para Motos Acu\u00e1ticas\">Amarre para Motos Acu\u00e1ticas<\/a><\/h3><div class=\"excerpt\">La forma m\u00e1s flexible de asegurar... <\/div><a href=\"https:\/\/web.msicom.net\/wordpress\/aplicaciones-cubis\/amarre-motos-acuatica\/\" class=\"link\" title=\"Amarre para Motos Acu\u00e1ticas\">More<\/a><div class=\"clear\"><\/div><\/li><!-- .entry (end) --><li class=\"entry\"><a href=\"https:\/\/web.msicom.net\/wordpress\/aplicaciones-cubis\/obra-civi\/\" title=\"Obra Civil y Estaciones de Bombeo\"><div class=\"thumb-wrap\"><img loading=\"lazy\" decoding=\"async\" width=\"133\" height=\"129\" src=\"https:\/\/web.msicom.net\/wordpress\/wp-content\/uploads\/2013\/02\/Trabajando-1er-vano-60-133x129.jpg\" class=\"thumb wp-post-image\" alt=\"\" \/><\/div><\/a><h3><a href=\"https:\/\/web.msicom.net\/wordpress\/aplicaciones-cubis\/obra-civi\/\" title=\"Obra Civil y Estaciones de Bombeo\">Obra Civil y Estaciones de Bombeo<\/a><\/h3><div class=\"excerpt\">Dada la gran capacidad de flotaci\u00f3n... <\/div><a href=\"https:\/\/web.msicom.net\/wordpress\/aplicaciones-cubis\/obra-civi\/\" class=\"link\" title=\"Obra Civil y Estaciones de Bombeo\">More<\/a><div class=\"clear\"><\/div><\/li><!-- .entry (end) --><li class=\"entry\"><a href=\"https:\/\/web.msicom.net\/wordpress\/aplicaciones-cubis\/piscnas-y-triatlon\/\" title=\"Piscinas y Triatl\u00f3n\"><div class=\"thumb-wrap\"><img loading=\"lazy\" decoding=\"async\" width=\"133\" height=\"129\" src=\"https:\/\/web.msicom.net\/wordpress\/wp-content\/uploads\/2011\/02\/Piscina-133x129.jpg\" class=\"thumb wp-post-image\" alt=\"\" \/><\/div><\/a><h3><a href=\"https:\/\/web.msicom.net\/wordpress\/aplicaciones-cubis\/piscnas-y-triatlon\/\" title=\"Piscinas y Triatl\u00f3n\">Piscinas y Triatl\u00f3n<\/a><\/h3><div class=\"excerpt\">Los cubis son el elemento ideal... <\/div><a href=\"https:\/\/web.msicom.net\/wordpress\/aplicaciones-cubis\/piscnas-y-triatlon\/\" class=\"link\" title=\"Piscinas y Triatl\u00f3n\">More<\/a><div class=\"clear\"><\/div><\/li><!-- .entry (end) --><\/ul><!-- .recent-posts (end) -->\n<\/p><\/div><\/div>\n<div class=\"one_third last\"><h2>Documentaci\u00f3n Relacionada<\/h2>\n<div style=\"display: none;\">\n<ul class=\"recent-posts \"><li class=\"entry\"><h3><a href=\"https:\/\/web.msicom.net\/wordpress\/empresa\/estaremos-en-palma-el-29-de-abril\/\" title=\"Estaremos en Palma el 29 de Abril\">Estaremos en Palma el 29 de Abril<\/a><\/h3><div class=\"excerpt\">&#x1f6a4; Vis\u00edtenos en el Balearic Superyacht Forum \u2013 29 de abril Nuestro socio director, Francisco... <\/div><a href=\"https:\/\/web.msicom.net\/wordpress\/empresa\/estaremos-en-palma-el-29-de-abril\/\" class=\"link\" title=\"Estaremos en Palma el 29 de Abril\">More<\/a><div class=\"clear\"><\/div><\/li><!-- .entry (end) --><li class=\"entry\"><h3><a href=\"https:\/\/web.msicom.net\/wordpress\/empresa\/visitenos-en-el-salon-du-littoral-2024\/\" title=\"Vis\u00edtenos en el Salon du Littoral 2024\">Vis\u00edtenos en el Salon du Littoral 2024<\/a><\/h3><div class=\"excerpt\">Salon du Littoral 2024 El Salon International du Littoral es un evento anual enfocado en... <\/div><a href=\"https:\/\/web.msicom.net\/wordpress\/empresa\/visitenos-en-el-salon-du-littoral-2024\/\" class=\"link\" title=\"Vis\u00edtenos en el Salon du Littoral 2024\">More<\/a><div class=\"clear\"><\/div><\/li><!-- .entry (end) --><li class=\"entry\"><h3><a href=\"https:\/\/web.msicom.net\/wordpress\/empresa\/por-que-los-clientes-eligen-sf-marina-desde-hace-mas-de-100-anos\/\" title=\"\u00bfPor qu\u00e9 los clientes eligen SF Marina desde hace m\u00e1s de 100 a\u00f1os?\">\u00bfPor qu\u00e9 los clientes eligen SF Marina desde hace m\u00e1s de 100 a\u00f1os?<\/a><\/h3><div class=\"excerpt\">Nuestros pantalanes est\u00e1n dise\u00f1ados para seguir en su sitio tras la tormenta, v\u00e9alo en este... <\/div><a href=\"https:\/\/web.msicom.net\/wordpress\/empresa\/por-que-los-clientes-eligen-sf-marina-desde-hace-mas-de-100-anos\/\" class=\"link\" title=\"\u00bfPor qu\u00e9 los clientes eligen SF Marina desde hace m\u00e1s de 100 a\u00f1os?\">More<\/a><div class=\"clear\"><\/div><\/li><!-- .entry (end) --><\/ul><!-- .recent-posts (end) -->\n<\/div>\n<p><a href=\"https:\/\/web.msicom.net\/wordpress\/wp-content\/uploads\/2013\/02\/Plataforma-Offshore-Recurso-Eolico-v3.pdf\">&#8211; Presentaci\u00f3n Plataforma Medici\u00f3n Recurso E\u00f3lico en las Jornadas de Ingenier\u00eda de Puertos de 2011 (PDF)<\/a><\/p><\/div><div class=\"clear\"><\/div>\n<div style=\"padding-bottom:20px; padding-top:10px;\" class=\"hupso-share-buttons\"><!-- Hupso Share Buttons - http:\/\/www.hupso.com\/share\/ --><a class=\"hupso_toolbar\" href=\"http:\/\/www.hupso.com\/share\/\"><img decoding=\"async\" src=\"https:\/\/static.hupso.com\/share\/buttons\/lang\/es\/share-medium.png\" border=\"0\" style=\"padding-top:5px; float:left;\" alt=\"Share\"\/><\/a><script type=\"text\/javascript\">var hupso_services_t=new Array(\"Twitter\",\"Facebook\",\"Google Plus\",\"Linkedin\");var hupso_toolbar_size_t=\"medium\";var hupso_twitter_via = \"MSI_Barcelona\";var hupso_counters_lang = \"en_US\";var hupso_twitter_via=\"MSI_Barcelona\";var hupso_title_t=\"Plataforma Offshore\";<\/script><script type=\"text\/javascript\" src=\"https:\/\/static.hupso.com\/share\/js\/share_toolbar.js\"><\/script><!-- Hupso Share Buttons --><\/div>","protected":false},"excerpt":{"rendered":"<div style=\"padding-bottom:20px; padding-top:10px;\" class=\"hupso-share-buttons\"><!-- Hupso Share Buttons - http:\/\/www.hupso.com\/share\/ --><a class=\"hupso_toolbar\" href=\"http:\/\/www.hupso.com\/share\/\"><img src=\"https:\/\/static.hupso.com\/share\/buttons\/lang\/es\/share-medium.png\" border=\"0\" style=\"padding-top:5px; float:left;\" alt=\"Share\"\/><\/a><script type=\"text\/javascript\">var hupso_services_t=new Array(\"Twitter\",\"Facebook\",\"Google Plus\",\"Linkedin\");var hupso_toolbar_size_t=\"medium\";var hupso_twitter_via = \"MSI_Barcelona\";var hupso_counters_lang = \"en_US\";var hupso_twitter_via=\"MSI_Barcelona\";var hupso_title_t=\"\u00bfPor qu\u00e9 los clientes eligen SF Marina desde hace m\u00e1s de 100 a\u00f1os?\";<\/script><script type=\"text\/javascript\" src=\"https:\/\/static.hupso.com\/share\/js\/share_toolbar.js\"><\/script><!-- Hupso Share Buttons --><\/div>","protected":false},"author":1,"featured_media":0,"parent":335,"menu_order":0,"comment_status":"open","ping_status":"open","template":"page-fullwidth.php","meta":{"footnotes":""},"_links":{"self":[{"href":"https:\/\/web.msicom.net\/wordpress\/wp-json\/wp\/v2\/pages\/337"}],"collection":[{"href":"https:\/\/web.msicom.net\/wordpress\/wp-json\/wp\/v2\/pages"}],"about":[{"href":"https:\/\/web.msicom.net\/wordpress\/wp-json\/wp\/v2\/types\/page"}],"author":[{"embeddable":true,"href":"https:\/\/web.msicom.net\/wordpress\/wp-json\/wp\/v2\/users\/1"}],"replies":[{"embeddable":true,"href":"https:\/\/web.msicom.net\/wordpress\/wp-json\/wp\/v2\/comments?post=337"}],"version-history":[{"count":11,"href":"https:\/\/web.msicom.net\/wordpress\/wp-json\/wp\/v2\/pages\/337\/revisions"}],"predecessor-version":[{"id":551,"href":"https:\/\/web.msicom.net\/wordpress\/wp-json\/wp\/v2\/pages\/337\/revisions\/551"}],"up":[{"embeddable":true,"href":"https:\/\/web.msicom.net\/wordpress\/wp-json\/wp\/v2\/pages\/335"}],"wp:attachment":[{"href":"https:\/\/web.msicom.net\/wordpress\/wp-json\/wp\/v2\/media?parent=337"}],"curies":[{"name":"wp","href":"https:\/\/api.w.org\/{rel}","templated":true}]}}